u + 4*g - 46. Let v(t) be the third derivative of -t**6/120 - 7*t**5/60 - t**4/3 - 2*t**3/3 - t**2. Calculate v(u).
8
Let l(w) = w**3 + 8*w**2 + 4. Let q be l(-8). Let h(j) = j - 2. Determine h(q).
2
Let s(x) be the third derivative of -x**8/6720 + x**7/630 + x**6/180 - x**5/24 + x**4/6 - 2*x**2. Let b(l) be the second derivative of s(l). Determine b(5).
-10
Let b(p) = 7*p - 9. Let c(a) = -8*a + 10. Let q(s) = 4*b(s) + 3*c(s). Give q(5).
14
Let i(v) be the third derivative of v**6/120 - v**5/20 - v**4/12 + v**3/6 + 59*v**2. Give i(4).
9
Let q(u) = 4*u**2 + 2*u + 1. Let m(k) = -9*k**2 - 4*k - 2. Let s(b) = 3*m(b) + 7*q(b). Give s(-1).
0
Let q(v) = -v**2 - 5*v. Suppose 10 = -5*u + 3*u + 5*n, 3*u + 3*n + 15 = 0. Calculate q(u).
0
Suppose -3*k = -2*f - 17, 3*k - 2 = -3*f - 5. Let l(n) = -16 + n + 5*n + 2*n - 7*n + 13*n**2. Let p(q) = -3*q**2 + 4. Let g(h) = -2*l(h) - 9*p(h). Give g(k).
-1
Let d = 21 + -9. Let k = d - 20. Let l(s) = s + 8. Let n be l(k). Let w(u) = u**3 - u**2 - u + 9. Give w(n).
9
Let s(n) = -n**2 + 13*n + 11. Let a be s(14). Let o(f) = 3*f**2 - 2*f**2 - 3 + f + 0*f**2. Calculate o(a).
3
Let o(f) = -1 - 1 - f**2 + f**3 + f**2 + 3*f**2. Let j(n) = n - 14. Let k be j(11). Determine o(k).
-2
Let t(x) = -2*x**2 - 3. Let p(b) = 3*b**2 + 7. Let f(a) = -3*p(a) - 7*t(a). Calculate f(1).
5
Let x(l) = -l**3 + 4*l**2 - 2. Suppose g + 12 = 5*b, -3*g + b + 3 = -b. Calculate x(g).
7
Suppose -3*k = -0*k - 12. Let c be k/((-2)/(-3)*3). Let u(x) be the third derivative of -x**5/60 - x**4/24 - x**3/3 - x**2. Determine u(c).
-8
Let g(y) = -y + 4. Let s(f) = -9*f + 33. Let v(n) = -51*g(n) + 6*s(n). Let t be (-1 - 0)*2 - -6. Suppose t = -o - 1. What is v(o)?
9
Suppose 2*m - 2 = 3*m, -2*m - 16 = -4*n. Let d(u) be the first derivative of -u**4/4 + u**3 + 2*u + 31. What is d(n)?
2
Suppose 5*u + 5*o = -15, -5*u + 10 = -3*o - 15. Let r = 0 + 2. Let c(i) = -r*i - u*i + 5*i. Determine c(5).
5
Let s(h) = h + 6. Let f be s(-5). Let q(l) = -f - 4 + 3 + 0 + l. Give q(-3).
-5
Let t(m) be the second derivative of m**6/720 + m**5/120 - 5*m**4/12 - 5*m. Let j(p) be the third derivative of t(p). Calculate j(4).
5
Let a(d) = -d**2 - 115 + 6*d + 122 + 2*d**2. Let x be (-34)/(-4)*(0 + 2). Suppose 3*j - 2 = -x. Give a(j).
2
Let p be 4/(-6)*9/(-18). Let u(f) be the first derivative of -2*f - 2 + f**2 - p*f**3. What is u(2)?
-2
Let a(m) be the second derivative of 1/120*m**5 - m - 1/12*m**4 - 1/120*m**6 + 0*m**2 + 0 + 0*m**3. Let f(u) be the third derivative of a(u). Determine f(1).
-5
Let l(c) = c**3 - c**2 + 1. Let w(f) = 4*f**3 + 4*f + 1. Let r(h) = -5*l(h) + w(h). Calculate r(5).
16
Let z(f) = f**2 + 3*f. Suppose s = 4*s - 12. Suppose s*m = -m - 2*w, 0 = m - 4*w. Let u = -5 - m. What is z(u)?
10
Let x(b) = b - 3. Let c be (-3 - -1)/((-3)/(-12)). Let l(v) = -v**2 - 11*v - 5. Let t be l(-11). Let m = c - t. Give x(m).
-6
Suppose 13 = 5*v - q, 1 = 3*v + 4*q + 7. Let p(s) be the first derivative of 1/4*s**4 + 2 - 4/3*s**3 + 6*s - v*s**2. Calculate p(5).
11
Let x = 16 + -18. Let r(o) = -4*o - 1. Calculate r(x).
7
Let p = 0 + -2. Let d(v) be the first derivative of 7*v**2/2 - 8. What is d(p)?
-14
Suppose 0 = k - 3 + 1. Let d(n) = -4*n + 3*n + 3*n - 5 - 3*n - n**3 - n**k. Give d(0).
-5
Let r be 6*2/(-1 - -5). Let m(y) be the third derivative of 0*y**r + 0*y - y**2 + 0 - 1/12*y**4. Give m(-1).
2
Let q be (-1 - -8) + 6/(-2). Let v(g) = -g + 7. Let n(s) = -s + 1. Let c be n(4). Let o(f) = f - 8. Let w(i) = c*o(i) - 4*v(i). Calculate w(q).
0
Suppose 0 = -4*n + 3*n - 1. Let b(i) = 5*i**3 + 6*i**2 - 5*i - 8. Let d(p) = -p**3 - p**2 + 1. Let u(j) = n*b(j) - 4*d(j). What is u(-3)?
-2
Let s(r) = -6*r - 6. Let l(f) = -2*f - 2. Let n(o) = 17*l(o) - 6*s(o). Give n(2).
6
Suppose y = 6*y + 3*z - 29, z + 30 = 4*y. Let v = 4 - y. Let d(k) = k**3 + 4*k**2 + k. Determine d(v).
6
Let j(w) = -w**3 + 12*w**2 + 14*w - 9. Let t be j(13). Let l be (-2 - 8/(-6))*-3. Let q(s) = -l + s + t - 2. Calculate q(1).
1
Suppose -9 = 3*o, 4*k = -0*k - 2*o + 2. Suppose -j - 2*j + 14 = 5*f, -k*j - 24 = -5*f. Let n(s) = 0*s + 4*s - 3*s. Calculate n(j).
-2
Let m(c) = -c**2 + 8*c + 9. Let j(y) = -y**3 + 22*y**2 + 22*y + 30. Let a be j(23). Give m(a).
16
Suppose -3*f + 5*f - 12 = -5*k, 5*k - 2*f - 8 = 0. Let y(r) be the first derivative of -r**4/2 + r**3/3 + r**2/2 + 2*r + 48. Determine y(k).
-8
Let s(f) = f + 11. Let u be s(-5). Let o(t) = t**2 - 7*t + 4. Determine o(u).
-2
Let h(s) = s**3 + 7*s**2 + 5*s + 4. Suppose 5*z + o = -33, -3*z + 4 = 2*o + 28. Give h(z).
10
Suppose 16*l + 16 = 14*l. Let w(b) = -b**3 - 8*b**2 + 2*b + 9. Determine w(l).
-7
Let q(t) = t**3 + 3*t**2 - 6*t - 4. Suppose g = -2*f + 3, 2*f + 15 = f + 5*g. Suppose 0 = -x - 0*x + 2*y, -5*x - 3*y - 26 = f. What is q(x)?
4
Let z(f) = -f + 3. Let s(r) = 2*r - 1. Let p be s(-4). Let n = -4 - p. Determine z(n).
-2
Let s(c) = 6*c**3 + c**2 + c. Let v(p) = -3*p. Let g be v(-4). Let m be 2/6 + g/(-9). Determine s(m).
-6
Let a be 1/(2/24*22 + -2). Let l(c) = -c**2 - 8*c - 9. Give l(a).
3
Let u(n) be the third derivative of 0*n - 5/6*n**3 + 0 + 1/60*n**5 + 5/24*n**4 - n**2. Let g(z) = z**2 - 4*z - 1. Let a be g(2). Give u(a).
-5
Let a(n) be the third derivative of n**5/60 + n**4/3 - 2*n**3/3 + 67*n**2. Give a(-8).
-4
Let o(m) = -m - 3. Suppose 5*j + 32 = 2. Let l(g) be the second derivative of -g**3/6 - 2*g**2 + 2*g. Let s(i) = j*o(i) + 5*l(i). Calculate s(0).
-2
Suppose -2*d - 4 = -q, q + 22 = -5*d + 5. Let w(p) = p + 8. Let a be w(d). Let o(v) = v**3 - 5*v**2 - 2*v + 7. Give o(a).
-3
Let q be (-1*(2 + -2))/(-2). Suppose q = 5*o, 5*x - 2*o + 31 = 1. Let h(l) = -l**3 - 5*l**2 + 6*l + 4. What is h(x)?
4
Suppose c + g + 0*g = -5, -g + 19 = -3*c. Let x(w) = -3*w. Let s(n) = -n - 1. Let o(l) = 2*s(l) - x(l). Determine o(c).
-8
Let k = -9 - -13. Let l(x) be the third derivative of 1/3*x**3 + 1/24*x**4 + 0 - x**2 + 0*x. Determine l(k).
6
Let x(j) = j**3 + 14*j**2 + 13*j + 4. Let h be x(-13). Let r(c) = -c**3 + 3*c**2 + 3*c. Give r(h).
-4
Let a(q) = 3*q + q - 2*q + 0 - 10. Calculate a(7).
4
Let t(c) = -3 - 4*c + c - 2*c + c. Calculate t(3).
-15
Let a(s) = s**2 + 7*s - 1. Suppose -3*f - 30 = -6*f. Let n be 22/(-4) + 15/f. Calculate a(n).
-13
Let y = -32 - -33. Let v(j) = -9*j**2 - 2*j + 1. Determine v(y).
-10
Suppose -3*m - 5 = 2*b + 5, -2*m + 5*b = 13. Suppose -12 - 13 = -5*q + 2*k, 5*k = 0. Let c(t) = -q - 1 + 1 - t. Calculate c(m).
-1
Let a(h) = 7*h - 1 + h**3 - 7*h - 3 + h**2. Determine a(0).
-4
Let a(w) = 7*w + 1. Suppose 0 = m - 8*m + 182. Suppose -5*s = 4*o - 21, o - 6*s + m = -s. Determine a(o).
-6
Let x(z) = z**2 + z. Let n(t) = -3*t**3 + t**2 - t - 1. Let f be n(-1). Suppose 6 = -2*m + f*m. Suppose m*y = -4 - 2. Calculate x(y).
2
Let q(r) = -r - 1. Let f(k) = -4*k - 3. Let n(a) = -f(a) + 5*q(a). Let d(h) = 6*h**2 - 1. Let z be d(-1). Calculate n(z).
-7
Let z(r) = -r**2 - 7*r - 4. Let u = -6 + 2. Let d = u - 1. Give z(d).
6
Let m(a) = 3*a**2 + 15*a - 27. Let y(p) = 4*p**2 + 23*p - 40. Let b(g) = -7*m(g) + 5*y(g). What is b(8)?
5
Let w(g) = g**3 - 6*g**2 - 8*g + 10. Let n be w(7). Let o(j) = 4*j + 0*j - n*j. Let b(r) = 2*r**3 + 1. Let i be b(1). Give o(i).
3
Suppose 2*p - 2 = p. Let g(m) = -p*m + 3*m + 5*m - 4 + 1. What is g(2)?
9
Let t(m) be the first derivative of m**4/8 - m**3/3 + m**2 - 2. Let x(l) be the second derivative of t(l). Let f = -27 + 30. Determine x(f).
7
Let q(h) be the second derivative of -h**5/20 - h**4 - 2*h**3 - 7*h**2/2 + 48*h. Calculate q(-11).
4
Let o(b) = b - 4*b**2 + b**3 + 1 + 0*b + 2. Suppose 4*a - 13 + 49 = 0. Let z = a - -13. Give o(z).
7
Let k(a) = -3*a + 6. Suppose -5*h + 36 = 4*h. Give k(h).
-6
Let h(s) = -5*s**3 + 12*s**2 + 5*s + 12. Let a(j) = 2 + j**3 - 2*j**3 + j**2 - 1. Let y(d) = 6*a(d) - h(d). Determine y(-5).
-6
Let t(v) = 10*v - 12. Let p(w) = -3*w + 4. Let z(j) = -7*p(j) - 2*t(j). Let k(b) = -3 - 6 - 3*b**2 + 2*b**2 + 5*b + 2*b**2. Let u be k(-7). Determine z(u).
1
Let q(u) = 5*u**2 - 6*u - 2. Let r(j) = -3*j**2 + 4*j + 1. Let y(z) = 5*q(z) + 8*r(z). Determine y(-5).
13
Let t(c) be the first derivative of -4*c + 1/2*c**2 - 3. Suppose 3*l + 0 = 15. Determine t(l).
1
Let o(l) = l**3 - 3*l**2 + l + 3. Let f = -19 - -10. Let b be -4*-2*f/(-24). Determine o(b).
6
Let l(q) = -q - 55*q**2 + 29*q**2 + 25*q**2. Suppose 4